 p be d(7). Let s = p + -3996. Is s a composite number?
True
Suppose 4*a - p + 21808 = 0, -15627 = 3*a - 3*p + 738. Let c = -2573 - a. Is c a composite number?
True
Suppose -16*z = -14175 + 2559. Suppose 5*h - 329 = z. Is h composite?
False
Let o = 492497 - 254356. Is o composite?
False
Suppose 2*k = -k + 2*z + 448, -5*k = -2*z - 748. Suppose -8*n + 2912 = 864. Suppose 2*g - 4*s - k = 0, -4*g + 0*s + n = 3*s. Is g a prime number?
True
Let n = 90944 + -50229. Suppose -11*h + n = 6*h. Is h composite?
True
Suppose 9*y - 52 = -61. Let j(u) = 1461*u**2 + 4*u + 4. Is j(y) a composite number?
True
Suppose 0 = 42*k - 115*k - 53*k + 11715102. Is k a composite number?
True
Suppose -5*i + 3*i = 5*r - 30453, -3*i + 18279 = 3*r. Suppose -23*v - r = -24*v. Suppose -2*n + v = 3*l, -4*n + 2*l - 5026 = -17164. Is n prime?
True
Let q(j) = -j**3 + 129*j**2 - 337*j - 461. Is q(120) prime?
False
Suppose 2 = -4*j + 10. Suppose -l + 2*q + 481 = -0*q, -2*q + 992 = j*l. Is l a composite number?
False
Suppose -399975 = -21*i + 1336954 - 418696. Is i prime?
True
Suppose -87*k + 83*k = -219476. Is k prime?
True
Let m be 18/15 + -1 - 63/(-35). Is (-13641)/m*12/(-18) a prime number?
True
Let l(f) = 547*f**3 + 39*f**2 + 90*f + 7. Is l(9) a composite number?
False
Let h = -79066 + 158625. Is h composite?
False
Let u(p) = 7*p**2 - 2*p**2 - 4*p**2 + p**2 + 7*p**2 - 30 + 10*p. Is u(-13) a composite number?
False
Let c = -420 + 425. Suppose 43594 = 4*k + 2*s, -c*k + 3*s = -k - 43579. Is k composite?
True
Let d(a) = 0 + 11 - 23*a - 15*a + 8*a. Suppose -10*p = -12*p - 4*o - 36, 3*p = -5*o - 49. Is d(p) composite?
False
Is (322 + 6)*15172/128*4 prime?
False
Let o(b) = 133*b**2 - 51*b - 59. Is o(-38) a prime number?
False
Suppose 10*w = 9528 - 27928. Let j be (w/6)/(4/(-48)). Suppose 4*q = j + 132. Is q a prime number?
True
Let r = -64207 + 116406. Is r a composite number?
True
Suppose -46 = -4*l - 2*a, 4*l + a - 69 = -20. Let x(i) = i**3 - 15*i**2 + 2*i + 24. Let d be x(l). Let m = 2849 - d. Is m composite?
False
Let t(k) = 964*k**3 - 55*k**2 - 62*k + 11. Is t(8) a prime number?
False
Let x be (-30 - -14)*(-2)/4. Let g be (-2)/x*46*-194. Let v = g + -1326. Is v a composite number?
True
Let t = 374 + -377. Let u(a) = -180*a**3 + a**2 - 2*a - 4. Is u(t) prime?
True
Let b = 59 - 57. Suppose s + 3*n = 4*s + 1572, -b*s - 1049 = -n. Let o = s + 1664. Is o composite?
True
Let u be 5313/(-14)*(-4)/3*5. Suppose -1369 = -h - 2*t, 4*t - 5440 = -4*h + 5*t. Let x = u - h. Is x a prime number?
False
Is (-107327165)/22*(2 + 24/(-10)) a prime number?
True
Let j = 138328 + 56479. Suppose -1648 - j = -15*i. Is i prime?
False
Is (-17 - (-186)/12)/((-3)/90466) prime?
True
Suppose -4*t - 110699 - 20252 = -3*k, -t - 174597 = -4*k. Is k prime?
True
Let m = -87746 - -198885. Is m a composite number?
True
Let q(l) = 6*l**3 + 11*l**2 + 8*l - 29. Let h(f) = 3*f**3 + 6*f**2 + 4*f - 13. Let s(p) = -5*h(p) + 2*q(p). Let x be (2 - 2/6)*-3. Is s(x) composite?
True
Suppose 5*p - 2*c - 2892005 = 0, -4*p + 376027 + 1937549 = 4*c. Is p a prime number?
True
Let w(s) = s**2 + 19*s - 21. Let n be w(-21). Let t = n - 13. Is ((198/t)/9)/((-2)/(-1864)) a composite number?
True
Suppose 246090 = -6*u + 9*u - 4*l, u = 4*l + 82030. Suppose 13*i - 29991 = u. Is i prime?
False
Let i = 32 - 64. Let m = 34 + i. Suppose -4*k + m*k = -3*x + 853, -2*x - 2*k + 582 = 0. Is x a composite number?
True
Let r(b) be the first derivative of b**4/4 + 2*b**3/3 + 3*b**2 + 6007*b - 146. Is r(0) prime?
True
Let l be 9/18*16/2. Suppose -l*u + 14273 - 4682 = 3*n, 0 = -2*n - 3*u + 6395. Suppose 2*t - 1614 = -4*m, -4*m + 3*m = 4*t - n. Is t prime?
True
Let a be 1/((-1)/(-6)) - (0 + 1). Suppose 8*c = -3*p + 4*c + 10517, -a*p - 2*c + 17547 = 0. Is p a composite number?
False
Suppose -12104865 = -43*j + 10147334. Is j a composite number?
True
Let x be 10/4 + -2 - 28/56. Suppose 3*a - 15 = x, -3*j - 12*a + 7*a = -8806. Is j a composite number?
False
Is (-1282593)/104*48/(-18) a composite number?
False
Suppose -3*n + u + 4 = -u, 3*u = -3*n + 9. Let z be (1/6*-3)/(n/56). Let r(h) = h**3 + 16*h**2 - 2*h - 31. Is r(z) a prime number?
True
Let q(v) = 29*v - 1. Let a be q(0). Is ((-3590)/(-2))/(0/3 - a) composite?
True
Let l be -1 + (-3)/(-2) - 4284/8. Let u = -302 - l. Is u composite?
False
Suppose -6*t + 954764 + 541438 = 0. Is t a composite number?
False
Suppose -2*n = 5*x - 284 - 26473, 5*n = 3*x + 66939. Suppose -n = -13*w + 56099. Is w a composite number?
True
Let k(b) = -270*b - 14. Let r(m) = -90*m - 5. Let q = 3 + -20. Let y(o) = q*r(o) + 6*k(o). Is y(-7) a prime number?
True
Suppose 4*w = 3*r + 2, 2*w - r = -4 + 6. Suppose 0 = -w*y + 3*z + 10670 + 4844, -5*z = 20. Is y prime?
False
Let s = -80 - -82. Suppose 856 = s*p - 4070. Is p a prime number?
False
Let p = -246 - -1333. Let b = p + -164. Is b a composite number?
True
Let j = -247 - -266. Suppose 302115 = -j*w + 52*w. Is w prime?
False
Suppose k - 3*k - 4978 = 0. Let b = -1338 - k. Is b a prime number?
True
Let q = 104920 - -72817. Is q a composite number?
True
Suppose 0 = -4*v + 114492 + 122988. Let t = v + -38311. Is t prime?
True
Is (-8)/((-64)/(-40))*530747/(-35) prime?
True
Let y = 7192 + 9085. Is y composite?
True
Let j = -198 - 379. Let v = j - -1070. Is v a prime number?
False
Let u(j) = j - j**2 + 1 + 0*j + 6 + 0*j. Let c be u(2). Suppose 0 = c*s - 1480 - 945. Is s prime?
False
Let n = 32084 - 18613. Is n composite?
True
Let b(x) = -21*x**2 + x**3 + 4742 - 4753 - 9*x**3 - 25*x. Is b(-10) a composite number?
True
Let l = 59499 + -38246. Is l prime?
False
Let o(y) = 181*y**2 + 94*y + 178. Is o(33) prime?
False
Let j(n) = n**3 + 26*n**2 + n + 32. Let r be j(-26). Suppose -r*w = 794 - 3176. Is w a prime number?
True
Let r(q) = -17*q + 372*q**2 + 12*q + 2385*q**2 + 1 + 14*q. Is r(2) a prime number?
True
Let d = -126 - -131. Suppose -2*j - 273 = -d*j. Is j a composite number?
True
Let x(g) = -2*g**2 - 20*g + 11. Let s be x(-11). Let t = -9 - s. Suppose t*p = -0*p - 4*m + 778, -m = -5. Is p a composite number?
False
Suppose 12 = -17*o - 39. Is -4*(105540/16)/o a prime number?
False
Is 3*(6 + (-111692)/(-21) + -1) composite?
False
Let c = -13706 + 8023. Let f = c - -2044. Let u = f - -5956. Is u a composite number?
True
Suppose -12*j - 2854465 = -107*j. Is j a prime number?
True
Let w = -8 + 8. Suppose w = -2*u - 8*u + 10. Is (u + -3)*(-2342)/4 composite?
False
Let w = 242 - 218. Suppose 31*f - w*f = 7609. Is f prime?
True
Let g(j) = 4*j + 16. Let h be g(-4). Suppose h = 2*z - 39 - 393. Let x = z + 5. Is x composite?
True
Suppose 3*f - 194 = -5*w + 2*f, 5*w - 210 = -5*f. Let b = 38 - w. Suppose b = 5*a - 3*a, y = 5*a + 907. Is y prime?
True
Let u(a) = 9*a**2 + 9*a + 3. Let l be u(-7). Let c = -236 + l. Is c a prime number?
False
Suppose 0 = -u + 209 - 69. Let c be (-1102612)/u + 1/(-5). Let n = -4382 - c. Is n prime?
False
Let h(v) = 3*v**3 + 3*v**2 - 19*v + 24. Let w(m) = m**3 - m**2 - 2*m. Let z(y) = h(y) - 6*w(y). Is z(-7) prime?
True
Let q(p) = 540*p**2 + 186*p + 4169. Is q(-25) a prime number?
False
Let s = -2993 - -5302. Is s a composite number?
False
Suppose 357571 = 3*w + 12*f - 2*f, 3*w - f - 357527 = 0. Is w a composite number?
True
Let q = 442501 - 291852. Is q composite?
False
Is ((-5)/35)/((-6)/210) - -233*2 prime?
False
Let m = 1598403 - 691732. Is m a composite number?
True
Let a(i) = 486*i**3 - 3*i**2 + i + 5. Let p(m) = 970*m**3 - 6*m**2 + 2*m + 10. Let r(x) = 7*a(x) - 4*p(x). Is r(-2) prime?
True
Suppose -20*z - 286*z + 83987 = -11179. Is z a prime number?
True
Let w(u) = -u**3 - 2*u**2 + 5*u + 3. Let b be w(-4). Suppose 3 + b = 6*y. Suppose 2*k - 4*d + y*d = 436, 1090 = 5*k - 3*d. Is k prime?
False
Suppose 0 = 29*m + 161029 - 919988. Is m composite?
False
Let t(u) = 2687*u**2 - 27*u - 191. Is t(27) composite?
False
Let k(b) = -13*b**3 - 6*b**2 - 22*b - 3. Suppose -76 + 106 = -5*o. Is k(o) composite?
True
Suppose 5*c + 97288 = 5*j - 105602, j - 40574 = -3*c. Is j a composite number?
False
Suppose -26*x + 5 - 5 = 0. Suppose 0 = -3*k + 2*a + 1949, -6*k + 4*k + 5*a + 1281 = x. Is k composite?
False
Let h(s) = -13*s**3 + s**2 + s + 1. Let z be h(-1). Suppose 17*l = -16086 + 64434. Is 1*z/2*l/36 prime?
False
Let c(l) be the second derivative of 280*l**3/3 - 89*l**2/2 - 3*l + 17.